19
Suppose 2*p - 24756 = -n + 10347, -p = n - 17551. What are the prime factors of p?
2, 1097
Let r = 3726 + -2581. List the prime factors of r.
5, 229
Let j = 42 - 39. Suppose -17 = -4*r - 3*o + 24, -2*r + j*o = -7. List the prime factors of 44/(-11) - (-1 - r).
5
Let y(d) = -d**2 + 41*d + 7. Suppose 3*t - 4*z = -9*z + 29, 0 = -4*t + z + 54. What are the prime factors of y(t)?
7, 53
Let l = 128 + -119. Suppose 684 = l*k + 3*k. List the prime factors of k.
3, 19
Suppose -240 = -49*o + 33*o. Let w(i) = -i**3 + 19*i**2 + 36*i - 54. What are the prime factors of w(o)?
2, 3, 7, 11
Suppose 392530 = 931*u - 914*u. What are the prime factors of u?
2, 5, 2309
Let l be (-3)/(-4 + (-10633)/(-2653)). Let b = 267 - l. What are the prime factors of b?
2, 17, 19
Let r be (-5 - -1) + 15 + (9 - 22). List the prime factors of (-1 + 1795)/(1/(-1)*r).
3, 13, 23
Let n(g) = -211*g + 18. Let l(x) = 105*x - 9. Let b(p) = -13*l(p) - 6*n(p). Let d be b(-3). Let h = -166 + d. What are the prime factors of h?
2, 5, 7
Let d = 1821 + 152. Suppose -3182 = -5*j + d. List the prime factors of j.
1031
Suppose 2*s - 4*g = s + 2, 0 = -3*s + g + 6. Suppose 2*d - s*u - 225 = 513, 4*u = d - 360. What are the prime factors of d?
2, 3, 31
Let q(p) = p**3 + p**2 - 16*p - 8. Let f(n) = -n**3 + 15*n + 7. Let b(a) = 7*f(a) + 6*q(a). Let s be b(8). Let h = -40 - s. List the prime factors of h.
3, 5
Suppose -12*w + 10*w - 24 = 0. Let l(j) = -j**3 - 13*j**2 + j - 12. Let q be l(w). List the prime factors of q/(3/(-1 + -2)).
2, 3, 7
Suppose n - l + 38 = 0, 0 = 2*l - 4 - 0. Let c be 0/3 - -156 - -3. Let g = c + n. List the prime factors of g.
3, 41
Let m = 159401 - 84585. What are the prime factors of m?
2, 7, 167
Let w(z) = 347*z + 81. Let v(l) = -70*l - 16. Let s(c) = 11*v(c) + 2*w(c). Let r be -2 + (-3 - (-1 - 1)). List the prime factors of s(r).
2, 107
Suppose 471*b + 148511 + 499279 = 510*b. List the prime factors of b.
2, 5, 11, 151
Suppose -7*g - 6*g = -39. Let o(a) = 2*a**2 + 3*a + 2. Let x be o(-4). Suppose -3*f + q + 80 = -x, -g*q = -f + 34. What are the prime factors of f?
2, 17
Suppose 0 = -n + 2126 + 633. Suppose 0 = -4*o + c + 2845, -2*c - n = -4*o + 91. What are the prime factors of o?
2, 5, 71
Suppose -k + 22302 = 3*t, -4*k - 1647 = 3*t - 23967. List the prime factors of t.
2, 929
Let n(a) = -32*a - 149. Let m(u) = 22*u + 99. Let f = -73 - -81. Let r(q) = f*m(q) + 5*n(q). List the prime factors of r(13).
3, 5, 17
Suppose 3*i - 4*a - 45 = 0, 3*i - a = -5*a + 21. Let y(r) = 8*r**2 + 8*r + 20. What are the prime factors of y(i)?
2, 269
Suppose -4*d + 8*d + 5*f = -228, -d - 57 = f. Let k(s) = s**3 - 18*s**2 + 67*s - 63. Let i be k(14). Let r = d + i. What are the prime factors of r?
2, 17
Suppose -5*o = 3*r + 20, 10*r - 12 = 5*r + 3*o. Suppose r = 3*d + 4*t - 332, d - 4*d - 5*t = -328. What are the prime factors of d?
2, 29
Let z = -14 - 20. Let s(n) = 11*n + 292. Let k be s(-27). List the prime factors of z/(1*k/10).
2, 17
Let k = -106 + 166. Let g be 1*158/6 - (-40)/k. Let l(h) = 3*h - 25. What are the prime factors of l(g)?
2, 7
Let z(d) = 2*d**3 - 34*d**2 + 2*d - 30. Let m be z(17). Suppose -2 = w, m*w - 450 - 142 = -5*i. What are the prime factors of i?
2, 3, 5
Let u = -8995 - -13956. What are the prime factors of u?
11, 41
Suppose 3*p - 19204 - 33605 = 0. List the prime factors of p.
29, 607
Let s(q) = 341*q**2 - 8*q + 6. Let d(l) = -170*l**2 + 4*l - 3. Suppose -8*n + 2*n = 42. Let w(b) = n*d(b) - 3*s(b). List the prime factors of w(1).
2, 83
Let x(j) be the third derivative of -j**4/8 + 11*j**3/6 - 4*j**2. Let q(a) = -16*a + 56. Let g(z) = -2*q(z) + 11*x(z). List the prime factors of g(-12).
3, 7
Let j(d) = 92*d - 2. Let f be j(-3). Let k = 1448 + -1023. Let m = k + f. List the prime factors of m.
3, 7
Let p = -61 - -64. Suppose -p*o = 2*f - 860, -2*o + 282 = -2*f - 288. List the prime factors of o.
2, 11, 13
Let a(k) = 7*k**3 + 141*k**2 + 9*k - 27. What are the prime factors of a(-14)?
5, 331
Suppose -135 = -2*g - 131. Suppose -24 - 1102 = -3*o - 5*f, 2*o - g*f = 740. What are the prime factors of o?
2, 3, 31
Let a(m) = -482*m - 68. Let w be a(21). List the prime factors of (-2)/(-4) + w/(-20).
2, 3, 5, 17
Let t = -20 - -28. Suppose 2 = -t*q + 9*q. Suppose -3*s = 5*f - 54, q*s = s + f + 26. List the prime factors of s.
23
Suppose -77*u = -82*u + 37195. Suppose 14485 = 36*d - u. List the prime factors of d.
3, 7, 29
Suppose f + 3 = l, 11 = -5*f + 31. Suppose 11*j + 358 - 3471 = 0. Suppose -j - 564 = -l*r. What are the prime factors of r?
11
Suppose -118568 = -5*u + n, 5*u + 29025 = 2*n + 147586. List the prime factors of u.
3, 5, 17, 31
Let y = -13178 - -82343. List the prime factors of y.
3, 5, 29, 53
Let l(n) = 7*n - 70. Let k be l(10). Suppose k = 3*r + h - 3657, r = -5*h + 3*h + 1219. List the prime factors of r.
23, 53
Let s be 2 - (-1 + 2 - 3). Let a be 0 + 123/s - (-4)/16. Suppose -a*h + 810 = -25*h. List the prime factors of h.
3, 5
Suppose 0 = -5*a + o + 62957, a - 106*o = -104*o + 12586. What are the prime factors of a?
2, 787
Suppose -9*z = -8*z - 129. Let f = z + -42. Suppose -4*o = -109 - f. List the prime factors of o.
7
Let d(f) = -3*f**2 + 14*f - 33. Let i(w) = -w**2 + 5*w - 11. Let n(m) = -3*d(m) + 8*i(m). Let g be (-2 - 0/(-5 - -4))*5. What are the prime factors of n(g)?
131
Let j be 32/17 - (-4)/34. Suppose 0 = j*p - 4, -4*i + 618 + 474 = 4*p. Let d = -159 + i. List the prime factors of d.
2, 7
Let w = 47 - 39. Suppose w - 8 = 2*b. Suppose 3*m - 2*l - 42 = -m, b = -5*l + 25. What are the prime factors of m?
13
List the prime factors of 108/21*(-43)/((-2580)/359240).
2, 3, 1283
Let r(t) = t**2 - 4*t - 26. Let h be r(7). Let s be -5 - h - (1 + -574). Let c = s - 346. List the prime factors of c.
227
Let a(u) = 7*u**2 + 31*u - 136. List the prime factors of a(-27).
2, 5, 7, 59
Let y be (-3)/((56/(-8))/(-7)). Let o(k) = 38*k**2 + 2*k + 11. What are the prime factors of o(y)?
347
Let k(b) = b**2 - 4. Let s be k(4). Suppose -s*c = 3*c - 3405. What are the prime factors of c?
227
Let v(q) = -q**2 - 143*q + 264. What are the prime factors of v(-71)?
2, 3, 7
Let i(q) be the first derivative of -15*q**2/2 + q + 135. Let x(d) = -2*d**2 + 1. Let p be x(-1). List the prime factors of i(p).
2
Let c(f) = f**3 - 48*f**2 - 19*f + 321. What are the prime factors of c(49)?
3, 199
Let w = -174 - -31. Let g = w - -142. List the prime factors of 25 + 6 + g + -2.
2, 7
Suppose -53*v = -56*v + 6228 + 2328. List the prime factors of v.
2, 23, 31
List the prime factors of (1/2)/(((-15)/10)/3)*-18589.
29, 641
What are the prime factors of (37983/44)/((54/(-9))/(-264))?
3, 11, 1151
Let f = -43 + 48. Suppose 11*g = f*g + 18. Suppose g*p - 2*v = 137, -p + 4*p + 3*v = 147. What are the prime factors of p?
47
Suppose 5*i - 14727 = -2*m, -3*m = -6*m - 12. Suppose -5*v = -2*l - i, 4*l - 2971 = -3*v - 2*v. List the prime factors of v.
3, 197
Suppose -30*a - 765970 + 1961140 = 0. What are the prime factors of a?
39839
Suppose -5*i = -w - 50419, -6*i = -10*i + 5*w + 40331. List the prime factors of i.
2, 2521
Let h(g) = -6*g**2 - 43*g - 3. Let b be h(-3). Let j(r) = 2*r - 7. Let y be j(6). Suppose b = y*m + 4*i - 135, -4*m = i - 170. List the prime factors of m.
43
Suppose 261*m = 5086876 + 4874261 - 854586. What are the prime factors of m?
23, 37, 41
Let z be (5/10*-1)/((-1)/4). Suppose h = -q + 525, 2*q = z*h + 2*h + 1080. List the prime factors of q.
2, 5, 53
Let z = 6212 - -5548. What are the prime factors of z?
2, 3, 5, 7
Let w(q) = -6*q**3 - 371*q**2 - 102*q + 68. List the prime factors of w(-64).
2, 3, 4987
Let r(s) = s**3 + 47*s**2 - 15*s - 255. What are the prime factors of r(23)?
2, 5, 3643
Let v = -33967 - -67635. What are the prime factors of v?
2, 19, 443
Suppose 0 = -4*c + 4*i + 536, -i = -2*c - 4*i + 273. Suppose -4*a - 1450 = -2*g, 226 = -a - g - c. Let w = 612 + a. List the prime factors of w.
2, 5
Suppose 45*d + 1054 = 55*d - 268926. What are the prime factors of d?
2, 13499
List the prime factors of -58 + 33 - (-2 + -25009).
2, 13, 31
Suppose -367*p - 271320 = -374*p. What are the prime factors of p?
2, 3, 5, 17, 19
Suppose 2*f - 3*r = 55628, -4*r - 34553 + 6744 = -f. What are the prime factors of f?
27817
Let s(p) = 2*p**2 + 8*p + 12. Let y be s(-5). Let d be (y/6)/(